n(p) be the second derivative of p**4/12 - p**3/6 + p**2/2 + p. Suppose -1146*t = -1191*t - 315. What are the prime factors of n(t)?
3, 19
Let l(j) = 5*j - 10. Let g be l(2). Suppose -3*u + 0*o + 4*o = -1758, g = -5*u - o + 2907. What are the prime factors of u?
2, 3, 97
Let k = -4096 + 4079. Let x(y) be the first derivative of -y**4/4 - 17*y**3/3 - y**2 - 9*y + 1. List the prime factors of x(k).
5
Suppose 0 = -38*h + 26*h + 9396. Let a = h - 49. What are the prime factors of a?
2, 367
Suppose 0 = 86*x - 70*x - 30352. Suppose -355 = 3*g - x. What are the prime factors of g?
2, 257
Suppose 0 = 22*w - 39406 - 11326. Let f = 3253 - w. What are the prime factors of f?
947
Let g be -5 + (-136)/10 - 6/(-10). Let p be g/(-8) - 1/4. What are the prime factors of 292*(1 + p + (-45)/18)?
2, 73
Let l(k) = 2*k - 5. Let y be l(4). Suppose y*s + s + t = 5, -t = -1. List the prime factors of (s + -3)*-12*(1 - -1).
2, 3
Let u = -706 + 976. Let r(f) = 190*f - 1. Let v be r(1). Let a = u - v. What are the prime factors of a?
3
Suppose -4*y - 3*l = -6*y + 22223, -4*l - 66684 = -6*y. What are the prime factors of y?
2, 7, 397
Let l = 3793 + -2071. Suppose m = -5*m + l. List the prime factors of m.
7, 41
Suppose q = 6*q - 270. Let o = 229 - 229. Suppose -x + o*x = -q. List the prime factors of x.
2, 3
Let s(o) = 488*o - 3089. What are the prime factors of s(52)?
3, 17, 19, 23
Suppose -27381 + 80805 = 9*n. Suppose 37*q - n = 29*q. What are the prime factors of q?
2, 7, 53
Suppose -10 = 3*l - 31. Suppose l*b = 5*b - 4. List the prime factors of ((-4)/(-5))/((-21)/(-10) + b).
2
Let c = -34 + 543. Let q be (-4772)/16 + (-1)/(-4). Let i = q + c. List the prime factors of i.
211
List the prime factors of (935/(-110))/((-2)/836).
11, 17, 19
Let k = -68128 - -128145. List the prime factors of k.
60017
Suppose -5*x + 51 - 6 = 5*l, 4*l + 9 = 5*x. Let m = 9 - 9. Suppose 4*a = 4*d - d + 113, -x*a + d + 133 = m. List the prime factors of a.
2, 13
Let d = -4456 - -9646. List the prime factors of d.
2, 3, 5, 173
Suppose 5*l = -5*n + 98125, 3*n = n - 5*l + 39262. List the prime factors of n.
7, 2803
Let a(p) = -27*p + 171. Let j be a(6). Let h(l) = 40*l + 119. List the prime factors of h(j).
479
Let k = 47858 - 28732. List the prime factors of k.
2, 73, 131
Suppose 17156 = 51*l - 550372. List the prime factors of l.
2, 13, 107
Let c(b) = 302*b**2 - 2*b. Let q = -60 - -59. List the prime factors of c(q).
2, 19
Suppose 0 = -4*h - 3*y + 124283, 4*h = 3*y + 74405 + 49920. List the prime factors of h.
2, 17, 457
Let y = -220 - -214. Let w(p) = 7*p**2 + 4*p + 29. What are the prime factors of w(y)?
257
Suppose 127*a = -28*a - 60*a + 7602185. What are the prime factors of a?
19, 1861
Let p(v) = -3433*v + 28. Let m(d) = 1717*d - 15. Let o(z) = -13*m(z) - 6*p(z). List the prime factors of o(-1).
2, 5, 7
Suppose 8*l + 1491 = 4619. Let i = l + -273. List the prime factors of i.
2, 59
Let q = 113417 + -63020. What are the prime factors of q?
3, 107, 157
Suppose 278824 = 94*i + 10*i. List the prime factors of i.
7, 383
Let y(n) = -n**2 - 9*n - 7. Let l be y(-6). Let g(h) = -28*h - 21*h - 33*h - 35 + 111*h - 22*h. List the prime factors of g(l).
2, 3, 7
What are the prime factors of (-1)/(-3)*(-918765)/(-255)?
1201
Let d(a) = -17*a + 328. Let l be d(19). Let z be 567/2 + (-2)/(-4). Suppose z + 461 = l*b. What are the prime factors of b?
149
Let y = -3738 - -5119. What are the prime factors of y?
1381
List the prime factors of -1 + 0/(-2) + (-1212)/9*-183.
19, 1297
Let h be (-1 + 13)*4/16*-334. Let u = -492 - h. Suppose 0 = 5*w - 5*l - u, -3*l + 0*l - 100 = -w. What are the prime factors of w?
103
Let u be 292 + 72/126 + (-78)/14. Let y = u - 283. List the prime factors of y.
2
Let i be (14/(-3))/(2/3). Let j(n) = n**3 + 9*n**2 + 9*n - 8. Let m be j(i). Let p = 33 - m. What are the prime factors of p?
2, 3
Let v = -10908 - -19346. What are the prime factors of v?
2, 4219
Let r(a) = 2*a**3 - 22*a**2 + 34*a + 18. Let w be r(9). Suppose w = 866*m - 865*m - 1031. List the prime factors of m.
1031
Let o(p) = -p + 7. Let d be o(5). Suppose d*c + 0*l = -2*l + 4, c = -5*l - 2. Suppose -n + 3*a + 115 = 4*a, -9 = c*a. What are the prime factors of n?
2, 59
Let a = 95 + -93. Suppose 5*o = 3*b + 438, a*b + 435 - 144 = 3*o. Let l = b - -243. What are the prime factors of l?
2, 3, 17
Let u be (-29)/3*(-103 - (-20 + 7)). Let a = u + 861. What are the prime factors of a?
3, 577
Let k be (1 + -1)/((-2)/(-2)). Let r = -198 - -220. Suppose k = -2*b + 2*y + r, 5*b + 0*y - 67 = -y. What are the prime factors of b?
13
Suppose 2*x = -4*i + 122, -2*i + 4 = -6*i. Suppose 57*b + 246 = x*b. What are the prime factors of b?
41
Let s(q) = 650*q**2 - 111*q + 1467. List the prime factors of s(11).
2, 4931
Let v(x) = -2*x + 1. Let h = -25 - -31. Let i(a) = 5*a. Let b(t) = h*v(t) + i(t). List the prime factors of b(-3).
3
List the prime factors of (8/3)/((-12)/74808*-2).
2, 1039
Suppose 1985776 = 7*l + 194*l + 7*l. List the prime factors of l.
9547
Let a be 1/(11/11341)*(-1 + 2). Let y = 1994 - a. What are the prime factors of y?
3, 107
Let t(r) = -r**3 - 15*r**2 + 15*r - 11. Let y be t(-16). Let f be (y/(-10))/(1/58). Let i = 54 + f. What are the prime factors of i?
5
Let i = 187 - 292. List the prime factors of (5*-3)/(5/i*1).
3, 5, 7
Let d be (7130/(-4))/1 - (-114)/(-76). What are the prime factors of 10/15 - d/6?
2, 149
Let u(y) = y**2 - 15*y + 4. Let p be u(10). Suppose 14*b = 4*b - 960. Let x = p - b. List the prime factors of x.
2, 5
Let f be -1 + (2 - -1) + -2. Let k be -4 + (-92)/(-9) + (-6)/27. Suppose f = -k*t + 33 + 9. List the prime factors of t.
7
Let z = -133 + 411. Let t = 1222 - 1217. Suppose t*v - 687 = z. What are the prime factors of v?
193
Let v be (-4962)/(-8) + (-7)/28. Suppose 4*m - v = 2*r, -158 = -m - 27*r + 29*r. What are the prime factors of m?
2, 7, 11
Suppose 3*j + 1294 = n, -3*j + 2*j - 1290 = -n. List the prime factors of n.
2, 7, 23
Let z(b) = 122*b**3 + 4*b**2 + 4*b - 1. Let q be z(-2). Let s = -480 - q. What are the prime factors of s?
3, 163
Let r(p) = -p**3 - 3*p**2 - 49*p + 3. Let c be r(-10). Let y = c + -615. What are the prime factors of y?
2, 17
Suppose -5*b + 311 = -4*s, -4*b + 3*s + 240 = 2*s. What are the prime factors of b?
59
Let c(v) = -v**3 + 22*v - 4. Let g be c(-6). Suppose -26 - 49 = -4*h + 5*s, 3*h + s = g. List the prime factors of h.
5
Let l = 286 - -1571. Let y = -1300 + l. List the prime factors of y.
557
Suppose w = -3*h + 133, h - 11 = -3*w + 44. Suppose -36*p = -h*p + 350. What are the prime factors of p?
2, 5
Let g(w) = -6*w**3 + w**2 + 3*w + 2. Let b be g(-1). Suppose 0 = 26*l + b*l - 1216. List the prime factors of l.
2, 19
Let i be 2/7 - 551/(-203). Suppose 0 = -5*p - 4*n + 4460, -5*p + n - i*n + 4460 = 0. List the prime factors of p.
2, 223
Let w(n) = -2*n**2 + 3*n + 6. Let z be w(-3). Let l = 21 - z. What are the prime factors of 2/3 + 4382/l?
3, 5, 7
Let s = -1751 + 2365. List the prime factors of s.
2, 307
Let p be 2*(11 - 8) + -6. Suppose -f + 417 + 13 = p. What are the prime factors of f?
2, 5, 43
Let v(l) = l**2 - 13*l - 29. Let r be v(15). Let w(j) = -1695*j + r + 0 + 1715*j. List the prime factors of w(7).
3, 47
Suppose 70*h = -4*h + 340918. What are the prime factors of h?
17, 271
Let z(u) = -118 + 45*u + 13 + 11*u - 95. What are the prime factors of z(14)?
2, 73
Suppose 32 = s - 2*p, -4*s - 4*p + 68 + 36 = 0. Suppose -30*a + 1582 = -s*a. What are the prime factors of a?
7, 113
Let g be (8/10)/(1/5). Suppose -v - 734 = -2*d, 3*v = -g*d + 7*d - 1104. Suppose d = -t + 4*t. List the prime factors of t.
2, 61
Let n = -2100 - -7718. What are the prime factors of n?
2, 53
Let y be 540/126 + 2/(-7). Suppose 0 = -5*b + 3*f + 1485, -f + 246 = y*b - 959. What are the prime factors of b?
2, 3, 5
Let g(f) = -f**2 - 6*f + 55. Let l be g(-11). Suppose l = -5*w - 5*x + 2255, 55*x = 3*w + 60*x - 1343. What are the prime factors of w?
2, 3, 19
Let z(h) = 2*h**3 - 27*h**2 + 4*h - 215. What are the prime factors of z(21)?
2, 1621
Suppose 0*w - 5*w = -15. Suppose 28 = w*d - 4*t, -4*t - 2 = d + 10. Suppose d*g + g = 190. What are the prime factors of g?
2, 19
Let t be -5 + (-87)/(-18) + (-50)/(-12). Let p be t - (-7 + 30/6). What are the prime factors of 1/(42/728*4/p)?